 is w(a)?
-42
Let d(h) = -4*h + 0*h**3 + 2 + 28*h**3 - 6*h + 9*h**2 + h - 27*h**3. What is d(-10)?
-8
Suppose -6*s + 30 = -16*s. Let q(t) = t**3 + 2*t**2 + 3. What is q(s)?
-6
Let k(f) = -3*f + 4 - 4*f + 4*f + 1 + 4*f**3 + 3*f**2 - 3*f**3. Let h be -4 - 0 - 0/3. Determine k(h).
1
Let l(c) be the third derivative of -c**5/60 + c**4/24 + c**2. Let j(g) = -g**2. Let d = 159 + -154. Let z(k) = d*j(k) - l(k). Calculate z(1).
-5
Suppose -5*v + 5*l = 0, 5*v - 28 = -5*l + 12. Let f be ((-12)/4 + 1)/(v/(-10)). Let q(o) = -o**2 + 5. Determine q(f).
-20
Let l(c) = -332*c + 171*c + 3 + 167*c. Let k be -5*1/(5/2). Calculate l(k).
-9
Let j(v) = v**3 - 6*v + 1. Let a(g) = -3*g**3 + 17*g - 3. Let z = -34 - -30. Let o(l) = z*a(l) - 11*j(l). Give o(2).
5
Let y(h) = 7*h + 4 + 0*h - h - 5*h. What is y(-8)?
-4
Let n(m) = 7*m**2 + 9*m + 7. Let v(s) = s**2 + s + 1. Let p(o) = -n(o) + 6*v(o). What is p(-2)?
1
Let g(v) = v**3 + 6*v**2 + 2. Let d be 1 + -3 + (-5 - -13). Suppose -4*x = 18 + d. Give g(x).
2
Let u(z) be the second derivative of -z**6/720 + z**5/120 + z**4/3 - 14*z. Let m(r) be the third derivative of u(r). Give m(-6).
7
Let v(m) be the second derivative of 31*m**4/12 + 5*m**3/2 + m**2 - 16*m. Let j(k) = -16*k**2 - 8*k - 1. Let g(f) = 11*j(f) + 6*v(f). Calculate g(-1).
9
Let s(d) = -d + 2. Suppose o - 5*x = 15, -10 + 5 = 5*o - 5*x. Let i(m) = m**2 - m - 15. Let j(n) = o*s(n) - i(n). Give j(7).
-2
Let p(f) = -9*f - 8. Let q = -1412 - -1405. Give p(q).
55
Let c be (1/(-1))/((-2)/(-10)). Let n(r) = 5*r**3 - r**2 + 12*r + 3. Let q(d) = 3*d**3 + 6*d + 2. Let o(z) = -4*n(z) + 7*q(z). Calculate o(c).
7
Let t(c) = -c**3 + c**2 + c - 1. Let x be t(0). Let a be 3*((-20)/(-12) + x). Let s(l) = 6*l - a*l**2 - 5*l + 4 + 4*l**2 - 3*l**2. What is s(3)?
-2
Let w(m) = -9*m + m - 8 - m**3 + 2*m - 8*m**2. Let f = 235 + -242. What is w(f)?
-15
Let o(u) be the third derivative of u**7/5040 - u**6/180 - u**5/10 - 17*u**2. Let z(s) be the third derivative of o(s). Calculate z(7).
3
Let f be (60*1)/2 + 1 - 0. Suppose 0 = -5*s - f + 21. Let r(m) = -3*m**3 - 4*m**2 - 4*m - 3. What is r(s)?
13
Let p(q) = 6*q**2 + 3*q**2 - 2*q**2 - 18 + 0*q**2 - q**3 + 10. What is p(6)?
28
Suppose 5 = 5*m - 0. Let p be m/(1/2) - 0. Let n(a) = -6*a**2 + 2*a + 4. Let i(u) = -u**2 + 1. Let t(b) = -2*i(b) + n(b). Determine t(p).
-10
Let v(f) = -4*f - 1. Let h(x) be the second derivative of 12*x - 1/2*x**2 + 1/20*x**5 + 0*x**3 + 5/12*x**4 + 0. Let a be h(-5). Give v(a).
3
Let q be ((-54)/12)/(3 - 18/4). Let v(w) be the third derivative of 0*w + 0 + 5*w**2 - 4/3*w**q - 1/24*w**4. Give v(-6).
-2
Let t be (-60)/210 - (-4)/14. Let o(k) = k**3 - k**2 - k - 6. Give o(t).
-6
Let k(r) = 3*r + 7. Let t be k(-7). Let w = t + 16. Let m(o) = -3 + o - o + 3*o - 6*o + o**w. Give m(-3).
15
Let i(w) = -w - 12. Let q be i(-10). Let o be 14/6 + q + (-30)/(-18). Let y(d) = -2 + d - 4*d + 4. Give y(o).
-4
Let v(u) be the second derivative of -u**5/20 - u**4/4 + 7*u**3/6 + u**2 - u. Suppose 0 = 13*b + 85 - 20. What is v(b)?
17
Let j(u) = 2*u + 6. Suppose 7*l + 40 + 16 = 0. What is j(l)?
-10
Let n(s) be the first derivative of -5*s**2/2 - 2*s - 1. Suppose -62 = 15*r - 55 + 38. Calculate n(r).
13
Let v(l) = 7*l**3 + l**2 - l - 1. Let n be ((-10)/(-4) - 1)*2. Suppose 5*a + n*b + 35 = 0, -5*a + 3*b = 22 + 43. Let c = 9 + a. Determine v(c).
-6
Let z(p) be the first derivative of -p**4/12 - p**3/2 + 23*p - 1. Let l(w) be the first derivative of z(w). Give l(-3).
0
Let f(y) = y**2 + 6*y - 10. Let a(x) = 6*x + 11. Let u be a(-3). Calculate f(u).
-3
Let h(w) = -10 + 4*w**2 + w**3 - 2*w**2 - 11*w + 2*w**2 + 4*w**2. Give h(-9).
8
Let m(v) be the third derivative of v**6/120 + v**5/60 - v**4/24 + 11*v**3/2 - v**2 - 2*v. Determine m(0).
33
Let z be ((-84)/42)/(2 + 0). Let v(a) = -5*a**2 + 1. Calculate v(z).
-4
Let c(m) = m**2 - m - 1. Let i = 20 - 18. Suppose -36 + 26 = -i*q. Give c(q).
19
Let i(c) = -29*c - 57. Let n be i(-2). Let r(j) be the first derivative of -7*j**3/3 - j**2 + j - 1. Calculate r(n).
-8
Let h(i) = 29*i - 1. Let g = 1239 - 1237. What is h(g)?
57
Let c be 4068/(-504) + 2/28. Let d(y) = 6*y + 38. Determine d(c).
-10
Let h(f) = 3*f - 7. Let a(z) = -16*z + 35. Let s(c) = 2*a(c) + 11*h(c). Let j(g) = g + 2 - 4 + 3. Let q be j(5). Determine s(q).
-1
Let y(c) = 5*c**2 - c. Suppose 4*x = -2*f + 8*x, 4*f = 5*x + 3. Determine y(f).
18
Let l(i) = 2*i**2 - 7*i + 6. Let a be (1 - (-3 - -11))*-1. Let k(f) = 3*f**2 - 11*f + 9. Let d(h) = a*l(h) - 5*k(h). Suppose 2*x - 2 - 8 = 0. What is d(x)?
2
Let w(n) = 26*n - 14*n + 2*n - 2. Let v(f) = 5*f - 1. Let l(h) = -11*v(h) + 4*w(h). Give l(-4).
-1
Let q(y) = -752 - 3*y - y**3 + 376 - 3*y**2 + 375. Determine q(-3).
8
Let r(l) be the first derivative of l**3/3 - l**2/2 + l + 54. Let z(n) = -4*n**2 + n - 11. Let c(m) = 5*r(m) + z(m). Calculate c(6).
6
Let i(s) be the first derivative of 3*s + 3 - 1/2*s**2. Give i(6).
-3
Suppose 34 = -2*c + 9*m - 14*m, c - 4*m - 9 = 0. Let r(l) = -l**2 - 9*l - 2. What is r(c)?
12
Let h(f) = -1 + f**3 - 5*f**2 - 5*f + 4*f + 2*f. Let j be ((-2)/(-7))/((-18)/(-1260)*5). Calculate h(j).
-13
Let i(p) be the first derivative of -3*p**2 - 23*p + 616. What is i(-9)?
31
Let n(i) = -6*i**2 - 4*i + 3. Let b = 10 + -14. Let w(h) = -5*h**2 - 4*h + 4. Let p(y) = b*n(y) + 5*w(y). Calculate p(-7).
-13
Let l(g) = 5*g**3 - 1. Suppose m = 3*m. Let u(r) = 9 + 0*r - r - 7 + m*r. Let i be u(1). What is l(i)?
4
Suppose -9*w = 5*w + 70. Suppose -5*k + 3 = -4*k. Let q(d) = -k*d + 2*d + 2 - 5. Determine q(w).
2
Suppose 0 = 11*z - 45 - 32. Let i(c) = -3*c - 7. Calculate i(z).
-28
Let u(n) = 4*n - 1 + 5 + 3 - 4. Let x(m) = 17*m + 13. Let i(a) = 9*u(a) - 2*x(a). What is i(6)?
13
Let o(t) be the second derivative of 5*t**4/12 - t**3/6 - t**2 + 63*t. Give o(2).
16
Let w be -4*7/((-21)/12). Let u be 16/(-48) - w/(-3). Let p(t) = t**3 - 4*t**2 - 4*t - 7. What is p(u)?
-2
Let p be (38/(-6) + 36/6)*39. Let n(h) = h**3 + 12*h**2 - 16*h + 17. Determine n(p).
56
Let j = 1 - -5. Suppose 3 = m + 1. Let k(n) = n + 4 - j + n**3 - m*n**3. Give k(-2).
4
Let x(y) be the third derivative of -1/3*y**3 + 0*y + 2*y**2 + 0 + 1/24*y**4. Suppose 4*u - 7*l = -2*l + 31, 8 = 5*u + 4*l. What is x(u)?
2
Let p(a) be the third derivative of -a**6/360 - a**5/12 - 17*a**3/6 - 21*a**2. Let j(n) be the first derivative of p(n). What is j(-9)?
9
Let p(t) = -t**3 + t + 1. Let a(n) = 2*n + n**2 - 15*n**3 - n**3 + 3*n**3 + 3. Let g(k) = a(k) - 3*p(k). Let b be -1 + 1/(((-27)/(-18))/3). What is g(b)?
-10
Suppose 0 = 4*x - 5*w + 55, 4*x - 4*w + 12 + 44 = 0. Let t be 35/x*(-9)/(-3). Let c(k) be the second derivative of k**4/12 + 7*k**3/6 + k**2 + k. Give c(t).
2
Let t(k) = 4*k - 28. Let m be t(7). Let l(u) = -2*u**2 - 9. Let s(q) = -q**2 - 5. Let p(r) = -2*l(r) + 5*s(r). Calculate p(m).
-7
Let f(g) = 2*g - 1. Suppose -29*v - 27*v = -59*v. What is f(v)?
-1
Suppose 48 = 21*i - 120. Let z(d) be the second derivative of -d**6/720 + d**5/15 + d**4/6 + d. Let k(v) be the third derivative of z(v). Determine k(i).
0
Let z(w) = 13*w**2 + 17*w - 16. Let o(d) = -9*d**2 - 11*d + 11. Let j(p) = -7*o(p) - 5*z(p). Let i be j(-5). Let c(s) = -s + 4. What is c(i)?
11
Suppose -64 + 109 = 15*m. Let r(u) be the first derivative of -3*u + 1/3*u**3 - m*u**2 + 4. Calculate r(5).
-8
Let r(c) = -5*c - 4. Suppose 4*i - a = -13, 5*i - 3*a + 1 + 17 = 0. Calculate r(i).
11
Let x(h) = h**3 - h**2 - 3*h - 1. Let i be (-8)/10 - 6*(-10)/(-300). What is x(i)?
0
Suppose 0 = -5*h - 6*a + 2*a + 25, -a + 10 = 5*h. Let w(x) = 3 - h - 3 + 0 + 3*x. Calculate w(-3).
-10
Let j(h) be the third derivative of 0*h - 1/120*h**6 + 7/60*h**5 + 0 - 1/4*h**4 - 1/6*h**3 - 19*h**2. Determine j(6).
-1
Let k = 2 - 0. Let f = k + 1. Let v(z) = 3*z + z + 8*z**3 - 6*z**3 - 5*z**2 + 2 - z**f. Calculate v(4).
2
Let g(j) = -42*j - 2 - 49*j + 90*j + 3. Let h be (81/(-3))/3 + 0. Let u = h - -4. What is g(u)?
6
Let o(i) = i**3 - 2*i**2 - 5*i + 2. Suppose 18 = -19*r + 25*r. Determine o(r).
-4
Suppose 0 = 5*v - z - 14, -10*z + 10 = -v - 13*z. Let a(b) = b**3 - 3*b**2 - 2*b + 1. Calculate a(v).
-7
Let j(f) = 1 - f + 1 - 4*f - f. What is j(5)?
-28
Suppose 15 = -j - 5*o - 0*o, -5*j - 2*o = 6. Let m(p) = -4 + j + p - 1. What is m(0)?
-5
Let f(v) = -v - 1. Let k be (1 - 1)*(-6)/18. Suppose k = 